 z(k)?
True
Suppose -8*o - 340 = -9*o + 3*p, 680 = 2*o - 4*p. Is 20 a factor of o?
True
Suppose 0 = 5*t + 4*j - 1949, -2*t + 5*j = -4*t + 766. Does 33 divide t/4 - (-60)/80?
True
Suppose 0 = 17*b - 18*b + 240. Does 20 divide b?
True
Let l be 12/8 + 9/(-6). Suppose l = -a - 2*a + 6. Suppose 0 = n - a - 2. Is 3 a factor of n?
False
Is 99 a factor of 3/12*2036*(-9)/(-3)?
False
Let l(r) = 3*r**2 - 10*r - 18. Let q be l(6). Let d be (2 - 0/(-1))*-2. Is q/(-12)*d/5 even?
True
Let s(l) = 4*l**2 + l + 1. Let o be s(-2). Suppose -5*y + o = -2*y. Suppose -2*z - 78 - 15 = -3*w, -15 = -y*z. Is w a multiple of 19?
False
Let m = -16 - -22. Let l(a) = 17 + 9 + 13 - 45 + 7*a. Is l(m) a multiple of 9?
True
Let l(q) = -q**3 - 3*q**2 + q + 41. Let i(n) = -2*n**2 - 7*n + 4. Let x be i(-4). Is 8 a factor of l(x)?
False
Let f(p) = -6*p**3 - 7*p**2 - 24*p - 108. Is 54 a factor of f(-6)?
True
Suppose 3*u - 1 = k, -5*u = -3*k + 6 - 1. Suppose -4*q + m = 1130 + 246, -q = k*m + 344. Does 5 divide 2/(-6) + q/(-24)?
False
Let m be 3 + -4 + (3 - -76). Suppose -6*f + m = -12. Is 15 a factor of f?
True
Suppose 2*g - 2186 = -458. Is 27 a factor of g?
True
Let q(f) = f**3 + 4. Let n be q(0). Suppose 5*p + n*x + 3 = 11, 0 = -3*x - 9. Is p a multiple of 4?
True
Let c be 8*1/((-3)/(-6)). Suppose 14*o - c*o = 18. Does 13 divide (69/o)/((-1)/3)?
False
Is ((-18)/(-2))/(55/40 + -1) a multiple of 8?
True
Suppose -12*j - 2117 = -7289. Does 8 divide j?
False
Does 11 divide ((-6)/3 - -3) + 196?
False
Suppose 12*c - 2980 = 1580. Is c a multiple of 5?
True
Let q = -16 + 21. Suppose -3*z = m - 6*z - 2, 5*m - q*z = 20. Suppose -96 = -5*v + p, 2*v - 15 = 5*p + m. Is 20 a factor of v?
True
Let f(i) = 2*i**2 - i + 4. Suppose s + 2 = 4*s - 2*z, -3*z = -4*s + 4. Is f(s) a multiple of 14?
True
Let f(n) = -2*n**2 - 43*n - 46. Let w(d) = -d**2 - 22*d - 23. Let c be ((-18)/4)/(12/(-8)). Let m(v) = c*f(v) - 5*w(v). Does 11 divide m(-17)?
True
Is 2 a factor of (7/(-21) + 20/24)*596?
True
Suppose -4*f + 4*z = -2*f - 376, 0 = -z. Suppose 4*w + f = 8*w. Is 22 a factor of w?
False
Let c(k) = 2*k**2 + k + 10. Let f be c(0). Is 12 a factor of (f*2)/(6/288*8)?
True
Suppose 5*i = 656 - 131. Suppose -r + g = -i, 0*r - r = 5*g - 123. Is r a multiple of 12?
True
Let v = -18 + 10. Let s = -12 - v. Is 30*(3 - 6 - s) a multiple of 10?
True
Suppose 17*k + 9*k - 9360 = 0. Does 18 divide k?
True
Suppose 1310 = 29*y - 27*y. Does 52 divide y?
False
Suppose 4*u - 20 = 0, 4*v = u - 0*u + 11947. Is v a multiple of 36?
True
Let j(b) = -b**3 + 7*b**2 - 2*b - 7. Let s be j(6). Let t = -15 + s. Does 7 divide (-2)/(-4)*28/t?
True
Let v(c) = -c**2 - c + 237. Let h be v(0). Suppose 3*a - 3*o + 95 = -292, 5*o = -2*a - h. Is -2*(a/(-4))/(-3) a multiple of 20?
False
Let k(v) = -v**3 - 7*v**2 + 4*v - 5. Let g be k(-8). Suppose g = h - 115. Is h a multiple of 43?
False
Suppose -19*b + 1512 = -b. Is 6 a factor of b?
True
Suppose 6*j - 15 = j. Suppose -j*o + 0*a - 4*a + 369 = 0, -2*o + 2*a = -232. Suppose -5*v = 2*h - o, -224 = -6*h + 2*h + 4*v. Does 17 divide h?
False
Let l(b) = 25*b + 35*b - 8 - 16*b. Does 24 divide l(4)?
True
Suppose 22*c = 2665 + 1339. Does 7 divide c?
True
Suppose 4*t + 6 = -6, -t = 3*o - 12. Suppose o*b + 2 = 22. Suppose p = -3*g + 51, 0 = -b*g - 7*p + 3*p + 76. Is g a multiple of 11?
False
Let x(j) = -j**3 + 14*j**2 - 10*j + 15. Suppose 17*p - 20*p = 24. Let q(t) = -3*t - 11. Let m be q(p). Is 9 a factor of x(m)?
True
Is 9 a factor of -2*(-2929)/16 - 14/112?
False
Let u be (8/(-12))/((-2)/3). Suppose -3 = -2*d + u. Suppose -122 = -d*c + 2*n, 2*c - 46 = c - 2*n. Is 14 a factor of c?
True
Let a be (-8)/10 + (-2)/10. Let b = a + 9. Let r(w) = 3*w**2 - 13*w + 11. Is 33 a factor of r(b)?
True
Suppose -c = -5*h + 3*c + 2800, 4*c = -20. Is 55 a factor of h?
False
Suppose -3505 = 8*n - 1009. Let o = n - -207. Let u = o + 169. Is 32 a factor of u?
True
Let h be (-2 - (1 - 6)) + 2. Suppose 2*z = -h*a + 20, 0 + 10 = -2*z. Let n = 2 + a. Is 7 a factor of n?
False
Let d(r) = 3*r**2 + 13*r + 12. Let y be d(11). Let u = -222 + y. Does 37 divide u?
True
Let k = 177 - -41. Does 7 divide k?
False
Let g(d) = -64*d**3 - 2*d**2 - d + 1. Does 8 divide g(-1)?
True
Let y(j) = -j**3 - 8*j**2 + 9*j + 3. Let w be y(-9). Suppose -w*m = 31 + 38. Let l = 47 + m. Does 8 divide l?
True
Suppose 0*x + 4*n - 28 = -2*x, -5*x + 86 = 2*n. Suppose 5*z - 2*z = -x. Let h(j) = 2*j**2 + 4*j - 3. Is 15 a factor of h(z)?
True
Let l = -9 - -4. Let u be (l/3 - -2)*-21. Does 10 divide (7/u)/(3/(-81))?
False
Let b = -255 - -151. Let w = -69 - b. Is w a multiple of 25?
False
Let m = -633 - -963. Is 11 a factor of m?
True
Suppose -3*l + 8*l - 400 = 4*y, 0 = -4*l - 16. Let p = y - -281. Suppose -5*z = -z - p. Is z a multiple of 11?
True
Suppose -4*o + 3*c = -269 + 5, c = -3*o + 185. Is 9 a factor of o?
True
Suppose 0 = 2*k + 66 + 56. Let r be ((-5)/(-5))/(1/k). Let m = 125 + r. Does 17 divide m?
False
Suppose 0 = -4*f + 206 + 26. Let j = f - 30. Is j a multiple of 5?
False
Let y = 1521 + -901. Does 33 divide y?
False
Let d(m) = -m**3 - 13*m**2 + 11*m - 8. Does 2 divide d(-16)?
True
Let u = 105 + 168. Is u a multiple of 21?
True
Let f(t) = 5*t**2 + 6*t + 3. Let u be f(-4). Let p(c) = -22*c + 43. Let r be p(-3). Let n = r - u. Is 9 a factor of n?
False
Let s = -15 + 17. Suppose p - 2*n = s*p - 8, 0 = -4*p + 5*n - 20. Suppose -1 + 11 = 5*o, -x - 2*o + 68 = p. Does 26 divide x?
False
Suppose 2*k - 6*k = -12. Suppose k*s - 5*m - 9 = -0*s, -5*s + 15 = 4*m. Does 11 divide 238/8 - s/(-12)?
False
Let z(u) = 2*u + 19. Let p be z(-8). Suppose p*d - 30 = d - 4*h, 0 = 5*d + 3*h - 40. Suppose 10 = 3*i - d*k + k, -4*i = -k - 35. Is 10 a factor of i?
True
Let x(d) = -d**2 + d + 22. Let r be x(5). Suppose -r*v = -3*v + 14. Does 2 divide v?
True
Let w(m) = 4*m - 25. Let k be w(10). Is 18 a factor of (-3 - (-50)/k)*(-2 - -56)?
True
Let s = 42 - 33. Let a(l) = -l**3 + 7*l**2 + 20*l + 12. Is a(s) a multiple of 10?
True
Let d(m) = -120*m - 32. Is d(-24) a multiple of 19?
False
Let x(s) = -5*s - 12. Let n(y) = y + 1. Let m(p) = -2*n(p) + x(p). Is m(-13) a multiple of 21?
False
Suppose -48*s = -22*s - 18252. Does 9 divide s?
True
Let w(j) = -325*j - 221. Let c(o) = -31*o - 21. Let d(h) = 52*c(h) - 5*w(h). Does 39 divide d(8)?
True
Suppose 4*f - 9382 = -5*v, 4*f - 9402 = 61*v - 56*v. Is f a multiple of 55?
False
Let o(y) = 21*y**2 + 26*y + 9. Is o(5) a multiple of 8?
True
Let h = -787 + 1752. Is h a multiple of 8?
False
Suppose 9 + 1 = 5*o, 3*p + 7 = 5*o. Let r = 38 - p. Is r a multiple of 13?
False
Suppose -5828 = -j - 3*i - 3*i, 5*j - i = 29109. Does 142 divide j?
True
Let o(u) = 2*u**3 + 3*u**2 - 4*u + 6. Let c be o(4). Let x = -116 + c. Suppose 4*h = 2*h + x. Does 25 divide h?
True
Suppose -57*t + 64*t = 2275. Is 25 a factor of t?
True
Let n be (-1)/(-2 + 3 + 0). Let g(k) = -2*k - 4. Let c be g(-4). Is 20 a factor of (244/(c/n))/(-1)?
False
Let v = -4 + 4. Suppose v = -0*q - 3*q + 348. Suppose -4*s = 5*y - q, -2*s - 3*s + 80 = 3*y. Is y a multiple of 15?
False
Suppose -44*i - 2327 + 21731 = 0. Is 7 a factor of i?
True
Suppose 2*v = -2*v - 64. Let k = -4 - v. Does 14 divide (46/k)/(1/6)?
False
Let v be 1 + 1 - ((-2 - -7) + -7). Suppose 3*g - i = 768, g - v*i = -3*g + 1032. Is 44 a factor of g?
False
Let s be 0*(-1)/(-3)*-1. Suppose s = g - 9 - 13. Does 5 divide g?
False
Let r = -926 - -1480. Is r a multiple of 3?
False
Suppose -3*z = -19*z - 11296. Is 27 a factor of (-7)/(70/15) - z/4?
False
Let f be 133*1 + (-27)/(-9). Suppose -s - 36 = -f. Is 10 a factor of s?
True
Let c = 34 + -33. Does 49 divide c*53 + -4 + 0?
True
Let p = 5716 + -3588. Does 56 divide p?
True
Let b = -468 + 473. Let x(v) = 8*v**2 - 5. Let p be x(4). Suppose -b*t + p = -97. Is t a multiple of 22?
True
Let t(w) = -w**3 - 2*w**2 + 2. Let l be t(-2). Suppose 0 = 4*p - l*p + 3*f + 900, -f + 1828 = -4*p. Is p/(-32) - (-3)/4 a multiple of 10?
False
Let k = -1 + -2. Let w = 5 - k. Suppose -g + 2*g - w = 0. Does 8 divide g?
True
Suppose -5*g = -10, 2*c - 6*g + g = -14. Let o be 5*(30/(-1))/c. Let w = o - 20. Is w a multiple of 14?
False
Is (-2 - 49/4)/(60/(-2320)) a multiple of 57?
False
Suppose -4*o = 3*j - 6*o - 4286, -3*j + o = -4285. Does 34 divide j?
True
Let x = 3 - 1. Suppose 5*u = 2*o + 47, -x*u + 4*u = -2*o + 3